3 - -5
3
Evaluate -4 + -13 - (-36 + 26).
-7
What is the value of -2 + -2 + 7 - 9?
-6
What is the value of 3 + -7 + -2 + 16 + -8?
2
Evaluate -2 - (-3 + (-1 - -6)).
-4
Calculate -2 + (0 - -1 - 1).
-2
Evaluate -11 + 17 + 3 - 11.
-2
What is -2 + (-4 - (-5 + 3)) - -4?
0
What is the value of (15 - -3 - 6) + -3?
9
Evaluate 0 + (-6 - 5 - -5).
-6
What is 15 - (0 - -13) - (0 - -8)?
-6
Calculate -8 - -17 - (2 + 5).
2
What is the value of -7 + (4 - -5) + (4 - 5)?
1
Calculate 0 - 2 - (-12 + 12).
-2
Evaluate -5 + 1 + (-3 - -5).
-2
Evaluate -16 + -9 + (-1 - -19).
-7
What is the value of -3 - (-6 + 1 + (17 - 11))?
-4
1 + 6 + (-16 - (13 - 21))
-1
What is 2 + -2 + 1 + 1 + 3?
5
What is (0 - -2) + (-6 + -18 - -15)?
-7
What is -3 + -3 + 11 + (-16 - -3)?
-8
Calculate (-2 - -3) + -3 + 4.
2
Calculate -6 - (4 + 2 + -5 + -3).
-4
Evaluate 2 + 1 - (6 + -4).
1
What is the value of 2 + (1 - 2) + 10 + -17?
-6
What is the value of 7 + -12 - (1 + -1)?
-5
Calculate (1 - (8 + 1)) + (54 - 51).
-5
12 + -8 - (-1 - -6) - -1
0
36 + -36 + 8 + -1
7
What is 2 + -1 + 5 + -1 + 0?
5
What is 12 + -8 - (-1 + 5)?
0
6 + -12 + 11 + -6
-1
(7 - (-4 - -3)) + -2
6
Evaluate (0 - (-3 + -7 + 5)) + 1.
6
Evaluate 0 + -7 - (-5 + (-7 - -10)).
-5
Calculate 8 + (-9 - -4) - 7 - -2.
-2
Calculate (4 - (-3 + 10)) + 2.
-1
Evaluate -2 + (0 + 0 - (-11 + 19)).
-10
What is the value of -3 + 5 - (-10 + 17)?
-5
Calculate -2 - (-3 - -6) - (2 + -3).
-4
Evaluate (3 - (-1 + -1)) + (-34 - -22).
-7
What is -5 - -9 - (5 + -3)?
2
What is the value of 9 + -8 + (1 - -4) + -3?
3
Calculate -2 - (-1 + 10) - -5.
-6
-1 - -2 - (-6 + (4 - 2))
5
9 - (4 - -1) - (2 + 0)
2
4 + 3 - (1 + (26 - 11))
-9
6 - 1 - (14 + -16) - 4
3
12 - -2 - 0 - (30 - 25)
9
What is 3 + 3 + 5 + -6 + -11?
-6
What is -5 - (0 - (7 + -4))?
-2
Calculate 3 - (5 + 0) - (3 - 3).
-2
Evaluate (-5 - (4 + -5)) + 0 + 2.
-2
Calculate (3 - (0 - -3)) + -2.
-2
What is (0 - (-4 - -1)) + 1 + -6?
-2
3 + (-2 - (-4 - -5 - 2))
2
Evaluate -2 + (-1 - (-1 + -2)).
0
Calculate (5 - -1) + (-28 - -27).
5
Evaluate 10 - 4 - (2 + 2) - 7.
-5
Calculate -1 - 2 - (-7 + 1) - 1.
2
Evaluate (-3 + (5 - 9) - -5) + -3.
-5
What is the value of (-6 + 4 - -11) + 0?
9
4 + (5 + -9 - -8) + -6
2
3 - 4 - -5 - (14 + -11)
1
What is (0 - 1) + -3 + (6 - 0)?
2
What is -3 + 3 + 3 - 6?
-3
Calculate -21 - -12 - (-14 + 1).
4
Evaluate -5 + (2 - 0 - 2).
-5
What is the value of -2 - (1 + -4 + 1 + 2)?
-2
Evaluate -6 + 0 + 3 + (-11 - -11).
-3
Calculate 11 + -21 + -3 + 7.
-6
Evaluate -6 + 8 - -13 - 9.
6
What is the value of (9 - 0) + -3 + 0 + -2?
4
What is the value of 52 - 46 - (11 + 1 + 0)?
-6
Evaluate -6 - (-5 - (3 - -3)).
5
What is -2 + -5 + 1 + 7 - -6?
7
What is the value of (44 - 48) + 8 + 2?
6
What is 9 + (4 - 1 - (9 - 1))?
4
4 + 8 + -14 - (-5 - 3)
6
What is 3 - -1 - (67 + -67)?
4
What is 3 + (-1 - (4 + (-9 - -3)))?
4
What is -2 + -1 - (0 - 4)?
1
What is -4 + 10 + (-5 - -4 - 4)?
1
(-45 - -48) + 8 + 1 + -5
7
What is the value of -6 + 6 + 5 + -3?
2
Calculate -9 + 8 + 1 - 5.
-5
4 - (-3 + 3 - -3)
1
What is (-4 - (-1 + -2)) + -1?
-2
Calculate -1 - 4 - (3 + (-1 - 2)).
-5
(-1 - 6) + (1 - -12)
6
What is 3 - 10 - -5 - 3?
-5
What is (0 - 2) + -2 + 2 - -7?
5
Calculate 1 - (-3 + 1 + 0).
3
(1 - 4) + (-1 - 1) + 12
7
What is the value of 4 - (-2 + -2 + (7 - 5))?
6
Evaluate -11 + 3 + 1 + 4.
-3
What is -2 + (5 - 7) + 11 + -6?
1
Calculate -6 - -3 - (1 - 2).
-2
What is the value of -1 + 11 + -4 - 6?
0
What is 1 + -5 + 3 + (-6 - -4)?
-3
What is the value of 7 + -9 + (-3 - (2 + -2))?
-5
-11 + 0 + (-10 - -13)
-8
Evaluate 10 + -6 + -5 + 5 + -10.
-6
What is the value of (2 - -3) + (6 + -4 - 7)?
0
Evaluate -1 + -2 + 9 + -3.
3
Evaluate (5 - (8 - 7)) + -10.
-6
25 - 27 - (3 - 0)
-5
(8 - 2 - 6 - 2) + 3
1
Calculate 8 - (26 + -1 + -9).
-8
Evaluate 1 + 1 + 8 + (1 - 9).
2
What is the value of -5 - (-11 + 1) - 0?
5
6 + 3 + 4 + -9
4
What is the value of 9 + -4 + (-2 - -2 - -3)?
8
-5 + 2 + 1 - 2
-4
-5 + -3 + 15 + -5
2
Evaluate 14 + (8 + -14 - 3).
5
Evaluate 3 - (6 + 1 - (22 + -18)).
0
Evaluate 4 + (1 + -3 + 3 - 1).
4
Calculate 16 + -7 - (8 + -6).
7
Calculate 3 - (-5 - 1 - (-22 + 16)).
3
What is -8 + 3 - (3 - 6)?
-2
11 - 7 - -9 - 7
6
Calculate 8 - (-3 - (-1 + -3)).
7
Calculate -2 + -4 + (1 - (5 - 5)).
-5
-2 + 8 + (-4 - 3)
-1
Evaluate 1 + -7 + (8 - (10 + -3)).
-5
-2 - (2 + 1 + -13 + 3)
5
Calculate 4 - 7 - (-2 - 2) - -2.
3
Evaluate (1 - 1) + 4 - 8.
-4
-5 + 2 - (-5 + 0 - -7)
-5
Evaluate 14 - (-6 + 8) - (5 + -3).
10
What is 4 - (2 - (9 - 5))?
6
What is the value of 1 + (4 + -1 + -2 - -1)?
3
Calculate (-3 - -1) + (2 - 4).
-4
6 - (-4 - -3) - (-1 - -4)
4
Evaluate (-10 - -9) + (-1 - -6).
4
9 + (-9 - (-6 - -3))
3
Evaluate 5 + (0 - (6 + -1)).
0
What is -1 + 0 + 18 + -22?
-5
Calculate -2 + -3 + -1 + 3 + 1.
-2
-6 + -10 + 24 - 10
-2
Evaluate -2 - (-1 + 4 - (-8 - -9)).
-4
Calculate -1 + 5 - 4 - (-3 + -2).
5
-10 + 4 + (1 - (1 + -2))
-4
5 + (-3 - (1 + 2 - 5))
4
Calculate (1 - -2) + -6 + 1.
-2
What is -4 - (10 + -16 + -4)?
6
What is the value of -8 - (-6 + (5 - 2))?
-5
Evaluate -5 + (3 + 4 - 3).
-1
Calculate -2 + -3 - -5 - (3 - -1).
-4
Calculate -2 + (-1 - 1) + (-21 - -25).
0
32 + -47 - (2 + -14)
-3
Calculate -11 + (6 - -6 - 4).
-3
What is the value of 0 - (-55 - -60 - (0 - -12))?
7
Calculate 2 + -1 + -2 - (-75 - -77).
-3
Evaluate 6 + -3 + -3 + (1 - 0).
1
Calculate (0 - -1) + (-1 - 1) - 1.
-2
10 + 4 + -5 - 3
6
What is the value of 3 - (0 - 5 - -6)?
2
Evaluate -1 - (9 - (1 + 3)) - -2.
-4
What is -7 + 16 + -21 + (0 - -6)?
-6
What is the value of (-3 + 2 - 0) + (-1 - -6)?
4
Calculate (-1 - 1) + (-9 - (-5 + -3)).
-3
What is -4 - (-6 + 11) - -5?
-4
Calculate -5 - 6 - (2 - (2 + 5)).
-6
Evaluate (4 - 1) + 2 + -24 + 13.
-6
Calculate (3 + (1 - 4) - -1) + 4.
5
What is 3 + -1 + 32 + -32?
2
What is (1 - 3 - -3) + 2?
3
What is the value of -4 + -4 + 2 - -11?
5
5 + 1 + -5 - (-3 - -2)
2
-2 + 5 + -7 + 9 + -7
-2
2 + 10 + -6 + -2
4
What is the value of (6 - 3) + -2 + -2 - -1?
0
What is the value of (2 - 11) + -8 + 16?
-1
-39 + 34 - (0 + -2 + 3)
-6
What is 2 - (4 - (-2 - -2))?
-2
What is the value of -2 - 2 - (5 + -6 + -3)?
0
1 + -1 + -2 + 0
-2
Calculate 9 + 2 + 0 + -10.
1
4 - (0 - (-9 + 3 - -1))
-1
Evaluate -1 - (0 - (-5 + 7)).
1
Calculate 6 + (-7 - 0 - -8).
7
Evaluate -9 + (-2 - -9) + -6.
-8
Calculate 1 + -6 + -2 - 1 - -9.
1
What is the value of 1 + 0 + 7 - (-7 - -6)?
9
Calculate 6 + -20 + 8 + (2 - 0).
-4
What is the value of (-9 - (-5 - -4) - -6) + 0?
-2
What is the value of -2 + -4 - (-5 + 0)?
-1
Evaluate (5 - 1) + 19 + -25.
-2
Evaluate -4 + -2 + 8 + 0.
2
What is 6 + -4 + 2 - 3?
1
Evaluate (-3 - (-5 + 7)) + 11 + -6.
0
What is 4 + -7 - -3 - -2 - -1?
3
Calculate 165 - 175 - (-11 + -1).
2
Calculate -6 + (-1 - (-3 - -4)) + 3.
-5
What is -1 + 4 - (-2 + 7)?
-2
Evaluate -5 - (-1 + -3 + -5 + -1).
5
-7 - -3 - 1 - (22 - 25)
-2
What is 4 - 7 - (2 + -10)?
5
What is -1 + -5 - (-4 - (-4 - 2))?
-8
What is the value of (4 + 21 - 8) + -7?
10
What is 1 + -2 - (-21 - -25) - 1?
-6
What is the value of -1 - 1 - (-1 + -2)?
1
What is 6 + (3 - 5 - 7)?
-3
-8 + 5 + 3 + -1
-1
What is -4 - -2 - 7 - -10?
1
What is the value of -5 - -1 - (8 + -2 + -8)?
-2
What is the value of 1 + 2 + (3 - (8 + 2))?
-4
Evaluate -7 - (-13 + 23 + -13).
-4
Calculate 5 - (3 + (0 - 0)).
2
(1 - (-8 + 14 - -3)) + 13
5
Evaluate -7 - (-16 + 3) - (1 + -1).
6
Calculate -3 - (-2 + -1 + -4) - -2.
6
What is (15 - -4) + -6 + (-3 - 0)?
10
What is the value of (1 - 2) + -2 + 64 + -66?
-5
What is 7 + -2 + (0 + -13 - -11)?
3
What is the value of 7 - 2 - (-3 + -6 + 11)?
3
What is (13 - 1) + -8 + -6?
-2
Evaluate -4 + 4 - 1 - -6.
5
Calculate -5 - (-4 - (2 + -2)).
-1
Evaluate (2 + -3 - -5) + 3 + -11.
-4
Evaluate (-12 + 1 - -25) + -21.
-7
What is the value of -18 + 4 + 3 - -5?
-6
Evaluate 4 + -2 + -10 + 6 + -3.
-5
What is 81 - 79 - (-2 + 2 + 1)?
1
What is the value of -5 + (7 - (4 - 4))?
2
What is the value of -1 - (-4 - -2) - -2?
3
Calculate -8 - (3 - -2 - 12).
-1
Calculate (-6 - 0) + 2 + -3 + 11.
4
Calculate 2 - (-4 + 15 + -4).
-5
Evaluate (1 - 10) + 9 + -5.
-5
What is the value of -3 - (0 - (-2 - -9 - 3))?
1
What is (-2 - -1 - (-2 + 1)) + 1?
1
What is the value of -37 - -38 - (3 - (6 + -3))?
1
-5 + (10 - 3) - 3
-1
What is 1 - -1 - (1 - (2 + 1))?
4
Evaluate -1 + (4 - (0 - 2)).
5
What is the value of (26 - 18) + (1 + -4 - 0)?
5
What is the value of -3 +